{"id":832,"date":"2018-07-05T15:04:09","date_gmt":"2018-07-05T15:04:09","guid":{"rendered":"https:\/\/mercadoernc.minenergia.cl\/?page_id=832"},"modified":"2021-12-01T12:47:30","modified_gmt":"2021-12-01T12:47:30","slug":"6-1-descripcion-general-de-alternativas-de-comercializacion","status":"publish","type":"page","link":"https:\/\/mercadoernc.minenergia.cl\/?page_id=832","title":{"rendered":"6.1 Descripci\u00f3n general de alternativas de comercializaci\u00f3n"},"content":{"rendered":"<p>[vc_row][vc_column width=\u00bb1\/4&#8243;][vc_tta_accordion active_section=\u00bb1&#8243; collapsible_all=\u00bbtrue\u00bb][vc_tta_section i_icon_fontawesome=\u00bbfa fa-plus\u00bb add_icon=\u00bbtrue\u00bb title=\u00bbOperaci\u00f3n Comercial\u00bb tab_id=\u00bb1638362740462-15cae751-763e\u00bb][vc_column_text]<\/p>\n<ul>\n<li style=\"text-align: left;\"><span class=\"outer\"><span class=\"inner\"><a href=\"https:\/\/mercadoernc.minenergia.cl\/?page_id=823\" rel=\"noopener\">6. Operaci\u00f3n comercial en el mercado<\/a><\/span><\/span><\/li>\n<li style=\"text-align: left;\"><span class=\"outer\"><span class=\"inner\"><a href=\"https:\/\/mercadoernc.minenergia.cl\/?page_id=832\" rel=\"noopener\">6.1 Descripci\u00f3n general de alternativas de comercializaci\u00f3n<\/a><\/span><\/span><\/li>\n<li style=\"text-align: left;\"><span class=\"outer\"><span class=\"inner\"><a href=\"https:\/\/mercadoernc.minenergia.cl\/?page_id=842\" rel=\"noopener\">6.2 Las alternativas de comercializaci\u00f3n<\/a><\/span><\/span><\/li>\n<li style=\"text-align: left;\"><span class=\"outer\"><span class=\"inner\"><a href=\"https:\/\/mercadoernc.minenergia.cl\/?page_id=845\" rel=\"noopener\">6.3 Pago por uso de las redes<\/a><\/span><\/span><\/li>\n<li style=\"text-align: left;\"><span class=\"outer\"><span class=\"inner\"><a href=\"https:\/\/mercadoernc.minenergia.cl\/?page_id=862\" rel=\"noopener\">6.4 Exenci\u00f3n de peajes<\/a><\/span><\/span><\/li>\n<li style=\"text-align: left;\"><span class=\"outer\"><span class=\"inner\"><a href=\"https:\/\/mercadoernc.minenergia.cl\/?page_id=865\" rel=\"noopener\">6.5 Servicios complementarios y ERNC<\/a><\/span><\/span><\/li>\n<\/ul>\n<p>[\/vc_column_text][\/vc_tta_section][\/vc_tta_accordion][\/vc_column][vc_column width=\u00bb3\/4&#8243;][vc_column_text]<\/p>\n<h1>6.1 Descripci\u00f3n general de alternativas de comercializaci\u00f3n<\/h1>\n<p>La Figura 32 muestra en t\u00e9rminos generales las diferentes alternativas de interacci\u00f3n comercial que posee un proyecto ERNC. De igual manera, se muestra el tipo de acuerdo que se logra. Por ejemplo, con clientes libres se establecen contratos acordados entre las partes mientras que en el caso del mercado <em>spot<\/em>, las transacciones se realizan a costo marginal.<\/p>\n<p style=\"text-align: center;\"><img loading=\"lazy\" decoding=\"async\" class=\"aligncenter wp-image-3675 \" src=\"https:\/\/mercadoernc.minenergia.cl\/wp-content\/uploads\/2021\/10\/Figura-32.png\" alt=\"\" width=\"538\" height=\"436\" srcset=\"https:\/\/mercadoernc.minenergia.cl\/wp-content\/uploads\/2021\/10\/Figura-32.png 962w, https:\/\/mercadoernc.minenergia.cl\/wp-content\/uploads\/2021\/10\/Figura-32-300x243.png 300w, https:\/\/mercadoernc.minenergia.cl\/wp-content\/uploads\/2021\/10\/Figura-32-768x622.png 768w, https:\/\/mercadoernc.minenergia.cl\/wp-content\/uploads\/2021\/10\/Figura-32-660x534.png 660w\" sizes=\"auto, (max-width: 538px) 100vw, 538px\" \/><\/p>\n<p>Lo anterior da lugar a distintos modelos de negocio para proyectos ERNC en el mercado el\u00e9ctrico chileno, los que consideran las siguientes alternativas:<\/p>\n<ul>\n<li>Venta de energ\u00eda y potencia, a trav\u00e9s del Coordinador, en el mercado <em>spot<\/em> al precio marginal instant\u00e1neo para energ\u00eda y al precio de nudo de la potencia a otras empresas de generaci\u00f3n.<\/li>\n<li>Venta de energ\u00eda y potencia, a trav\u00e9s del Coordinador, en el mercado <em>spot<\/em> a precio estabilizado de la energ\u00eda y precio nudo de la potencia a otras empresas de generaci\u00f3n. Este mecanismo solo aplica para medios de generaci\u00f3n de peque\u00f1a escala de acuerdo con el D.S. N\u00b088.<\/li>\n<li>Venta de energ\u00eda y potencia a una empresa distribuidora, a trav\u00e9s de una licitaci\u00f3n regulada, donde el precio de energ\u00eda corresponde al estipulado en la oferta en caso de ser adjudicada y el precio de potencia, al precio de nudo de la potencia vigente en el momento de la licitaci\u00f3n.<\/li>\n<li>Venta de energ\u00eda y potencia a una empresa generadora en un contrato de largo plazo a precios a convenir para energ\u00eda y potencia.<\/li>\n<li>Venta de energ\u00eda y potencia a un cliente libre en un contrato de largo plazo a precios a convenir para energ\u00eda y potencia.<\/li>\n<\/ul>\n<p>Todas las alternativas de comercializaci\u00f3n anteriores corresponden al mercado mayorista de energ\u00eda, sin embargo, cabe destacar que existen otros modelos de negocio para proyectos de autoconsumo acogidos a Ley de Facturaci\u00f3n Neta (<em>Netbilling)<\/em>. Para este tipo de proyectos el modelo que se vislumbra con un gran potencial de desarrollo es el modelo ESCO o <em>Energy Service Company<\/em>. Bajo este modelo, la ESCO realiza las inversiones y las recupera con una fracci\u00f3n de los ahorros econ\u00f3micos que produce al usuario.\u00a0Es decir, la ESCO ofrece el servicio de instalaci\u00f3n y operaci\u00f3n del equipo, el cual mantiene por algunos a\u00f1os como propiedad hasta que se paga la totalidad del servicio y pasa a ser de la propiedad del usuario. Cabe destacar que la ESCO puede ofrecer su servicio en zonas de concesi\u00f3n a los consumidores, puesto que ello ocurre en propiedades privadas. Este y otros modelos de negocios para proyectos de generaci\u00f3n distribuida se explican con mayor detalle en el <a href=\"https:\/\/mercadoernc.minenergia.cl\/?page_id=1140\" target=\"_blank\" rel=\"noopener\">Anexo 4<\/a>.<\/p>\n<p>A continuaci\u00f3n, se describen distintas alternativas de modelos de negocio en el mercado el\u00e9ctrico mayorista:[\/vc_column_text][vc_tta_accordion active_section=\u00bb9&#8243; collapsible_all=\u00bbtrue\u00bb][vc_tta_section i_icon_fontawesome=\u00bbfa fa-compress\u00bb add_icon=\u00bbtrue\u00bb title=\u00bb6.1.1 Comercializaci\u00f3n de energ\u00eda en el mercado spot \u00bb tab_id=\u00bbcomercializacion\u00bb][vc_column_text]El mercado <em>spot<\/em> es el mercado por defecto de todo generador que entra al sistema chileno. En este mercado, solamente tranzan energ\u00eda las empresas generadoras. Sus principales caracter\u00edsticas son las siguientes:<\/p>\n<ul>\n<li>En este mercado cada generador vende o compra energ\u00eda dependiendo del despacho de sus unidades generadoras y de los contratos (de suministro).<\/li>\n<li>Los generadores venden toda su energ\u00eda producida en el mercado <em>spot<\/em> en la barra o nodo de inyecci\u00f3n.<\/li>\n<li>Los generadores compran energ\u00eda en el mercado <em>spot<\/em> para abastecer sus contratos en la barra o nodo de suministro.<\/li>\n<li>Solamente los generadores participan en este mercado.<\/li>\n<li>Las compras y ventas de energ\u00eda se realizan al costo marginal (horario) de corto plazo en la barra o nodo correspondiente donde se efect\u00fae el retiro de energ\u00eda (para los consumos) o las inyecciones de los generadores.<\/li>\n<li>El costo marginal se caracteriza por su volatilidad asociada a los desplazamientos de la oferta y la demanda de corto plazo.<\/li>\n<li>Las transacciones del mercado <em>spot<\/em> son calculadas mensualmente por el Coordinador, una vez conocidos los valores reales de la operaci\u00f3n.<\/li>\n<\/ul>\n<p>[\/vc_column_text][\/vc_tta_section][vc_tta_section i_icon_fontawesome=\u00bbfa fa-compress\u00bb add_icon=\u00bbtrue\u00bb title=\u00bb6.1.2 Venta de potencia en el mercado spot \u00bb tab_id=\u00bbventadepotencia\u00bb][vc_column_text]El pago por capacidad (o potencia) corresponde a un instrumento de est\u00edmulo de la suficiencia en el mercado el\u00e9ctrico, que adem\u00e1s es coherente con el esquema de tarificaci\u00f3n marginalista en dos partes, donde se diferencia los precios del periodo de punta de los precios en el resto del tiempo. As\u00ed, en el caso de la electricidad, una parte del precio es la energ\u00eda, la que est\u00e1 asociada a los costos variables de producci\u00f3n y es cargado por unidad de consumo. La otra parte es la capacidad o potencia, la cual es un cargo por la disponibilidad para dar el servicio y es posible mediante la instalaci\u00f3n de capacidad, es decir, corresponde a un cargo de desarrollo de infraestructura. De esta manera, el cargo por capacidad incluye los costos de proveer esta infraestructura, lo que corresponde a los costos fijos de capital y es asignado entre los consumidores que demandan en las condiciones de punta del sistema.<\/p>\n<p>Con respecto al mercado spot, las caracter\u00edsticas son las siguientes:<\/p>\n<ul>\n<li>Los generadores venden su potencia reconocida en el mercado <em>spot<\/em> en la barra o nodo de inyecci\u00f3n.<\/li>\n<li>Los generadores compran potencia en el mercado <em>spot<\/em> para abastecer sus contratos en la barra o nodo de suministro.<\/li>\n<li>Solamente los generadores participan en este mercado.<\/li>\n<li>Las compras y ventas de potencia se realizan al precio de nudo de potencia en la barra correspondiente.<\/li>\n<li>El precio de nudo de potencia es calculado semestralmente por la CNE en abril y octubre. De acuerdo a la teor\u00eda marginalista, este precio se basa en el costo de inversi\u00f3n y costos de operaci\u00f3n y mantenimiento (O&amp;M) requeridos para una unidad generadora capaz de entregar potencia al sistema en condiciones de demanda m\u00e1xima.<\/li>\n<\/ul>\n<p>El tratamiento de las energ\u00edas renovables no est\u00e1 descontextualizado del esquema general con que el sistema en Chile aborda los pagos por potencia o capacidad, con los requerimientos de suficiencia y seguridad asociados. La Figura 33 ejemplifica esta situaci\u00f3n, donde se distinguen aquellas tecnolog\u00edas o plantas de generaci\u00f3n sin disponibilidad asegurada de su energ\u00e9tico primario en el per\u00edodo de an\u00e1lisis, por ejemplo, la energ\u00eda e\u00f3lica, o bien, combustibles f\u00f3siles que muestren problemas en su suministro. Sin embargo, pueden existir fuentes renovables que si garanticen una disponibilidad alta de su capacidad, como la biomasa o la geotermia.<\/p>\n<p style=\"text-align: center;\"><img loading=\"lazy\" decoding=\"async\" class=\"aligncenter wp-image-3676 \" src=\"https:\/\/mercadoernc.minenergia.cl\/wp-content\/uploads\/2021\/10\/Figura-33.png\" alt=\"\" width=\"574\" height=\"389\" srcset=\"https:\/\/mercadoernc.minenergia.cl\/wp-content\/uploads\/2021\/10\/Figura-33.png 988w, https:\/\/mercadoernc.minenergia.cl\/wp-content\/uploads\/2021\/10\/Figura-33-300x203.png 300w, https:\/\/mercadoernc.minenergia.cl\/wp-content\/uploads\/2021\/10\/Figura-33-768x521.png 768w, https:\/\/mercadoernc.minenergia.cl\/wp-content\/uploads\/2021\/10\/Figura-33-660x448.png 660w\" sizes=\"auto, (max-width: 574px) 100vw, 574px\" \/><\/p>\n<p>El D.S. N\u00b062 de 2006 reglamenta las transferencias de potencia entre las empresas generadoras. En el <a href=\"https:\/\/mercadoernc.minenergia.cl\/?page_id=1130\" target=\"_blank\" rel=\"noopener\">Anexo 3<\/a> se describe la metodolog\u00eda para el c\u00e1lculo de la Potencia de Suficiencia reconocida para cada tipo de central.[\/vc_column_text][\/vc_tta_section][vc_tta_section i_icon_fontawesome=\u00bbfa fa-compress\u00bb add_icon=\u00bbtrue\u00bb title=\u00bb6.1.3 Mercado de contratos\u00bb tab_id=\u00bbmercadodecontratos\u00bb][vc_column_text]El mercado de contratos corresponde a un mercado de tipo financiero con contratos privados pactados libremente entre las partes. En tanto un proyecto ERNC sea una empresa el\u00e9ctrica, se aplica el procedimiento v\u00e1lido para cualquier empresa generadora del sector. [\/vc_column_text][\/vc_tta_section][vc_tta_section i_icon_fontawesome=\u00bbfa fa-compress\u00bb add_icon=\u00bbtrue\u00bb title=\u00bb6.1.4 Cuotas de ERNC\u00bb tab_id=\u00bbcuotasdeernc\u00bb][vc_column_text]La exigencia de cuotas de generaci\u00f3n de ERNC definidas en la Ley 20.257 y Ley 20.698 se traduce en la posibilidad de comercializar, por parte de cualquier empresa el\u00e9ctrica que exceda su obligaci\u00f3n de inyecciones de energ\u00eda renovable no convencional, el traspaso de sus excedentes a otra empresa el\u00e9ctrica. Este traspaso puede comercializarse en forma bilateral a precios libremente pactados e independientemente de las ventas de energ\u00eda.[\/vc_column_text][\/vc_tta_section][\/vc_tta_accordion][vc_row_inner][vc_column_inner width=\u00bb1\/2&#8243;][vc_btn title=\u00bbAnterior\u00bb color=\u00bbgreen\u00bb align=\u00bbleft\u00bb i_icon_fontawesome=\u00bbfa fa-chevron-left\u00bb add_icon=\u00bbtrue\u00bb link=\u00bburl:https%3A%2F%2Fmercadoernc.minenergia.cl%2F%3Fpage_id%3D823|||\u00bb][\/vc_column_inner][vc_column_inner width=\u00bb1\/2&#8243;][vc_btn title=\u00bbSiguiente\u00bb color=\u00bbgreen\u00bb align=\u00bbright\u00bb i_icon_fontawesome=\u00bbfa fa-chevron-right\u00bb add_icon=\u00bbtrue\u00bb link=\u00bburl:https%3A%2F%2Fmercadoernc.minenergia.cl%2F%3Fpage_id%3D842|||\u00bb][\/vc_column_inner][\/vc_row_inner][\/vc_column][\/vc_row]<\/p>\n","protected":false},"excerpt":{"rendered":"<p>[vc_row][vc_column width=\u00bb1\/4&#8243;][vc_tta_accordion active_section=\u00bb1&#8243; collapsible_all=\u00bbtrue\u00bb][vc_tta_section i_icon_fontawesome=\u00bbfa fa-plus\u00bb add_icon=\u00bbtrue\u00bb title=\u00bbOperaci\u00f3n Comercial\u00bb tab_id=\u00bb1638362740462-15cae751-763e\u00bb][vc_column_text] 6. Operaci\u00f3n comercial en el mercado 6.1 Descripci\u00f3n general de alternativas de comercializaci\u00f3n 6.2 Las alternativas de comercializaci\u00f3n 6.3 Pago por uso de las redes 6.4 Exenci\u00f3n de peajes 6.5 Servicios complementarios y ERNC [\/vc_column_text][\/vc_tta_section][\/vc_tta_accordion][\/vc_column][vc_column width=\u00bb3\/4&#8243;][vc_column_text] 6.1 Descripci\u00f3n general de alternativas de comercializaci\u00f3n La Figura [&hellip;]<\/p>\n","protected":false},"author":3,"featured_media":0,"parent":823,"menu_order":0,"comment_status":"closed","ping_status":"closed","template":"","meta":{"_acf_changed":false,"footnotes":""},"class_list":["post-832","page","type-page","status-publish","hentry"],"acf":[],"_links":{"self":[{"href":"https:\/\/mercadoernc.minenergia.cl\/index.php?rest_route=\/wp\/v2\/pages\/832","targetHints":{"allow":["GET"]}}],"collection":[{"href":"https:\/\/mercadoernc.minenergia.cl\/index.php?rest_route=\/wp\/v2\/pages"}],"about":[{"href":"https:\/\/mercadoernc.minenergia.cl\/index.php?rest_route=\/wp\/v2\/types\/page"}],"author":[{"embeddable":true,"href":"https:\/\/mercadoernc.minenergia.cl\/index.php?rest_route=\/wp\/v2\/users\/3"}],"replies":[{"embeddable":true,"href":"https:\/\/mercadoernc.minenergia.cl\/index.php?rest_route=%2Fwp%2Fv2%2Fcomments&post=832"}],"version-history":[{"count":14,"href":"https:\/\/mercadoernc.minenergia.cl\/index.php?rest_route=\/wp\/v2\/pages\/832\/revisions"}],"predecessor-version":[{"id":4193,"href":"https:\/\/mercadoernc.minenergia.cl\/index.php?rest_route=\/wp\/v2\/pages\/832\/revisions\/4193"}],"up":[{"embeddable":true,"href":"https:\/\/mercadoernc.minenergia.cl\/index.php?rest_route=\/wp\/v2\/pages\/823"}],"wp:attachment":[{"href":"https:\/\/mercadoernc.minenergia.cl\/index.php?rest_route=%2Fwp%2Fv2%2Fmedia&parent=832"}],"curies":[{"name":"wp","href":"https:\/\/api.w.org\/{rel}","templated":true}]}}