{"id":823,"date":"2018-07-05T14:55:56","date_gmt":"2018-07-05T14:55:56","guid":{"rendered":"https:\/\/mercadoernc.minenergia.cl\/?page_id=823"},"modified":"2021-12-01T12:45:49","modified_gmt":"2021-12-01T12:45:49","slug":"6-operacion-comercial-en-el-mercado","status":"publish","type":"page","link":"https:\/\/mercadoernc.minenergia.cl\/?page_id=823","title":{"rendered":"6. Operaci\u00f3n comercial en el mercado"},"content":{"rendered":"<p>[vc_row][vc_column width=\u00bb1\/4&#8243;][vc_tta_accordion active_section=\u00bb1&#8243; collapsible_all=\u00bbtrue\u00bb][vc_tta_section i_icon_fontawesome=\u00bbfa fa-plus\u00bb add_icon=\u00bbtrue\u00bb title=\u00bbOperaci\u00f3n Comercial\u00bb tab_id=\u00bb1638362487776-c7161020-f80d\u00bb][vc_column_text]<\/p>\n<ul>\n<li style=\"text-align: left;\"><span class=\"outer\"><span class=\"inner\"><a href=\"https:\/\/mercadoernc.minenergia.cl\/?page_id=823\" rel=\"noopener\">6. Operaci\u00f3n comercial en el mercado<\/a><\/span><\/span><\/li>\n<li style=\"text-align: left;\"><span class=\"outer\"><span class=\"inner\"><a href=\"https:\/\/mercadoernc.minenergia.cl\/?page_id=832\" rel=\"noopener\">6.1 Descripci\u00f3n general de alternativas de comercializaci\u00f3n<\/a><\/span><\/span><\/li>\n<li style=\"text-align: left;\"><span class=\"outer\"><span class=\"inner\"><a href=\"https:\/\/mercadoernc.minenergia.cl\/?page_id=842\" rel=\"noopener\">6.2 Las alternativas de comercializaci\u00f3n<\/a><\/span><\/span><\/li>\n<li style=\"text-align: left;\"><span class=\"outer\"><span class=\"inner\"><a href=\"https:\/\/mercadoernc.minenergia.cl\/?page_id=845\" rel=\"noopener\">6.3 Pago por uso de las redes<\/a><\/span><\/span><\/li>\n<li style=\"text-align: left;\"><span class=\"outer\"><span class=\"inner\"><a href=\"https:\/\/mercadoernc.minenergia.cl\/?page_id=862\" rel=\"noopener\">6.4 Exenci\u00f3n de peajes<\/a><\/span><\/span><\/li>\n<li style=\"text-align: left;\"><span class=\"outer\"><span class=\"inner\"><a href=\"https:\/\/mercadoernc.minenergia.cl\/?page_id=865\" rel=\"noopener\">6.5 Servicios complementarios y ERNC<\/a><\/span><\/span><\/li>\n<\/ul>\n<p>[\/vc_column_text][\/vc_tta_section][\/vc_tta_accordion][\/vc_column][vc_column width=\u00bb3\/4&#8243;][vc_single_image image=\u00bb1900&#8243; img_size=\u00bbfull\u00bb alignment=\u00bbcenter\u00bb style=\u00bbvc_box_rounded\u00bb][vc_column_text]<\/p>\n<h1>6. Operaci\u00f3n comercial en el mercado<\/h1>\n<p>La operaci\u00f3n en el mercado de un proyecto ERNC se rige por las condiciones generales aplicables a cualquier medio de generaci\u00f3n descrita en la Secci\u00f3n 3. Basado en esta descripci\u00f3n general, a continuaci\u00f3n se entrega con mayor detalle las distintas alternativas de comercializaci\u00f3n para un proyecto ERNC.<\/p>\n<p>Los aspectos t\u00e9cnicos de la operaci\u00f3n en un mercado el\u00e9ctrico est\u00e1n cubiertos a trav\u00e9s de los reglamentos y normas t\u00e9cnicas de los segmentos respectivos. En el caso de los sistemas de transmisi\u00f3n, la NTSyCS define los requerimientos de operaci\u00f3n y medici\u00f3n de las unidades generadoras. En los niveles de media tensi\u00f3n, la NTCO de PMGD en instalaciones de media tensi\u00f3n se enfoca en los aspectos operativos y de coordinaci\u00f3n de los PMGD.<\/p>\n<p>La Figura 31 muestra un diagrama esquem\u00e1tico relacionado con los elementos que se consideran en la operaci\u00f3n en el mercado. En primer lugar, se presentan las diferentes alternativas de participaci\u00f3n entre las que sobresalen las tres b\u00e1sicas: \u201cfuera de mercado\u201d, mercado <em>spot<\/em> y mercado de contratos. Existen otras alternativas que se constituyen, en grandes rasgos, en una combinaci\u00f3n de las alternativas previamente citadas. En cuanto a la alternativa \u201cfuera de mercado\u201d, \u00e9sta hace referencia a la negociaci\u00f3n directa (y privada) entre un peque\u00f1o generador ERNC y la empresa de distribuci\u00f3n, sin formar parte en forma directa de un mercado m\u00e1s formal, como el mercado <em>spot<\/em> o el de contratos.<\/p>\n<p>Como segunda etapa se muestran elementos propios de la participaci\u00f3n en el mercado entre los que resaltan el pago por el uso de la red (peajes) y los servicios complementarios (SSCC).<\/p>\n<p>Finalmente, se hace referencia a otros elementos a considerar en la operaci\u00f3n de mercado de un proyecto, como lo son las cuotas de generaci\u00f3n ERNC (establecidas en la Ley 20.257 y Ley 20.698).<\/p>\n<p style=\"text-align: center;\"><img loading=\"lazy\" decoding=\"async\" class=\"aligncenter wp-image-3673 \" src=\"https:\/\/mercadoernc.minenergia.cl\/wp-content\/uploads\/2021\/10\/Figura-31.png\" alt=\"\" width=\"547\" height=\"526\" srcset=\"https:\/\/mercadoernc.minenergia.cl\/wp-content\/uploads\/2021\/10\/Figura-31.png 893w, https:\/\/mercadoernc.minenergia.cl\/wp-content\/uploads\/2021\/10\/Figura-31-300x288.png 300w, https:\/\/mercadoernc.minenergia.cl\/wp-content\/uploads\/2021\/10\/Figura-31-768x737.png 768w, https:\/\/mercadoernc.minenergia.cl\/wp-content\/uploads\/2021\/10\/Figura-31-660x633.png 660w\" sizes=\"auto, (max-width: 547px) 100vw, 547px\" \/><\/p>\n<p>[\/vc_column_text][vc_row_inner][vc_column_inner width=\u00bb1\/2&#8243;][vc_btn title=\u00bbAnterior\u00bb color=\u00bbgreen\u00bb align=\u00bbleft\u00bb i_icon_fontawesome=\u00bbfa fa-chevron-left\u00bb add_icon=\u00bbtrue\u00bb link=\u00bburl:https%3A%2F%2Fmercadoernc.minenergia.cl%2F%3Fpage_id%3D798|||\u00bb][\/vc_column_inner][vc_column_inner width=\u00bb1\/2&#8243;][vc_btn title=\u00bbSiguiente\u00bb color=\u00bbgreen\u00bb align=\u00bbright\u00bb i_icon_fontawesome=\u00bbfa fa-chevron-right\u00bb add_icon=\u00bbtrue\u00bb link=\u00bburl:https%3A%2F%2Fmercadoernc.minenergia.cl%2F%3Fpage_id%3D832|||\u00bb][\/vc_column_inner][\/vc_row_inner][\/vc_column][\/vc_row]<\/p>\n","protected":false},"excerpt":{"rendered":"<p>[vc_row][vc_column width=\u00bb1\/4&#8243;][vc_tta_accordion active_section=\u00bb1&#8243; collapsible_all=\u00bbtrue\u00bb][vc_tta_section i_icon_fontawesome=\u00bbfa fa-plus\u00bb add_icon=\u00bbtrue\u00bb title=\u00bbOperaci\u00f3n Comercial\u00bb tab_id=\u00bb1638362487776-c7161020-f80d\u00bb][vc_column_text] 6. Operaci\u00f3n comercial en el mercado 6.1 Descripci\u00f3n general de alternativas de comercializaci\u00f3n 6.2 Las alternativas de comercializaci\u00f3n 6.3 Pago por uso de las redes 6.4 Exenci\u00f3n de peajes 6.5 Servicios complementarios y ERNC [\/vc_column_text][\/vc_tta_section][\/vc_tta_accordion][\/vc_column][vc_column width=\u00bb3\/4&#8243;][vc_single_image image=\u00bb1900&#8243; img_size=\u00bbfull\u00bb alignment=\u00bbcenter\u00bb style=\u00bbvc_box_rounded\u00bb][vc_column_text] 6. Operaci\u00f3n comercial en el [&hellip;]<\/p>\n","protected":false},"author":3,"featured_media":0,"parent":0,"menu_order":0,"comment_status":"closed","ping_status":"closed","template":"","meta":{"_acf_changed":false,"footnotes":""},"class_list":["post-823","page","type-page","status-publish","hentry"],"acf":[],"_links":{"self":[{"href":"https:\/\/mercadoernc.minenergia.cl\/index.php?rest_route=\/wp\/v2\/pages\/823","targetHints":{"allow":["GET"]}}],"collection":[{"href":"https:\/\/mercadoernc.minenergia.cl\/index.php?rest_route=\/wp\/v2\/pages"}],"about":[{"href":"https:\/\/mercadoernc.minenergia.cl\/index.php?rest_route=\/wp\/v2\/types\/page"}],"author":[{"embeddable":true,"href":"https:\/\/mercadoernc.minenergia.cl\/index.php?rest_route=\/wp\/v2\/users\/3"}],"replies":[{"embeddable":true,"href":"https:\/\/mercadoernc.minenergia.cl\/index.php?rest_route=%2Fwp%2Fv2%2Fcomments&post=823"}],"version-history":[{"count":7,"href":"https:\/\/mercadoernc.minenergia.cl\/index.php?rest_route=\/wp\/v2\/pages\/823\/revisions"}],"predecessor-version":[{"id":4192,"href":"https:\/\/mercadoernc.minenergia.cl\/index.php?rest_route=\/wp\/v2\/pages\/823\/revisions\/4192"}],"wp:attachment":[{"href":"https:\/\/mercadoernc.minenergia.cl\/index.php?rest_route=%2Fwp%2Fv2%2Fmedia&parent=823"}],"curies":[{"name":"wp","href":"https:\/\/api.w.org\/{rel}","templated":true}]}}