{"id":744,"date":"2018-06-26T21:48:41","date_gmt":"2018-06-26T21:48:41","guid":{"rendered":"https:\/\/mercadoernc.minenergia.cl\/?page_id=744"},"modified":"2022-01-05T18:14:43","modified_gmt":"2022-01-05T18:14:43","slug":"4-7-exigencias-tecnicas-minimas-para-proyectos-ernc","status":"publish","type":"page","link":"https:\/\/mercadoernc.minenergia.cl\/?page_id=744","title":{"rendered":"4.7 Exigencias t\u00e9cnicas m\u00ednimas para proyectos ERNC contenidas en la NTSyCS"},"content":{"rendered":"<p>[vc_row][vc_column width=\u00bb1\/4&#8243;][vc_tta_accordion active_section=\u00bb1&#8243; collapsible_all=\u00bbtrue\u00bb][vc_tta_section i_icon_fontawesome=\u00bbfa fa-plus\u00bb add_icon=\u00bbtrue\u00bb title=\u00bbERNC en Chile\u00bb tab_id=\u00bb1638303973991-85c3ca02-6aba\u00bb][vc_column_text]<\/p>\n<ul>\n<li style=\"text-align: left;\"><span class=\"outer\"><span class=\"inner\"><a href=\"https:\/\/mercadoernc.minenergia.cl\/?page_id=704\" rel=\"noopener\">4. Las ERNC en el mercado el\u00e9ctrico chileno<\/a><\/span><\/span><\/li>\n<li style=\"text-align: left;\"><span class=\"outer\"><span class=\"inner\"><a href=\"https:\/\/mercadoernc.minenergia.cl\/?page_id=713\" rel=\"noopener\">4.1 Contexto general<\/a><\/span><\/span><\/li>\n<li><span class=\"outer\"><span class=\"inner\"><a href=\"https:\/\/mercadoernc.minenergia.cl\/?page_id=718\" rel=\"noopener\">4.2 Definici\u00f3n de medios de generaci\u00f3n<\/a><\/span><\/span><\/li>\n<li style=\"text-align: left;\"><span class=\"outer\"><span class=\"inner\"><a href=\"https:\/\/mercadoernc.minenergia.cl\/?page_id=715\" rel=\"noopener\">4.3 Descripci\u00f3n general de etapas de desarrollo<\/a><\/span><\/span><span class=\"outer\"><span class=\"inner\"><br \/>\n<\/span><\/span><\/li>\n<li style=\"text-align: left;\"><span class=\"outer\"><span class=\"inner\"><a href=\"https:\/\/mercadoernc.minenergia.cl\/?page_id=725\" rel=\"noopener\">4.4 El marco regulatorio<\/a><\/span><\/span><\/li>\n<li style=\"text-align: left;\"><span class=\"outer\"><span class=\"inner\"><a href=\"https:\/\/mercadoernc.minenergia.cl\/?page_id=729\" rel=\"noopener\">4.5 Ley de ERNC<\/a><\/span><\/span><span class=\"outer\"><span class=\"inner\"><br \/>\n<\/span><\/span><\/li>\n<li style=\"text-align: left;\"><span class=\"outer\"><span class=\"inner\"><a href=\"https:\/\/mercadoernc.minenergia.cl\/?page_id=741\" rel=\"noopener\">4.6 Reconocimiento de potencia de suficiencia<\/a><\/span><\/span><\/li>\n<li style=\"text-align: left;\"><span class=\"outer\"><span class=\"inner\"><a href=\"https:\/\/mercadoernc.minenergia.cl\/?page_id=744\" rel=\"noopener\">4.7 Exigencias t\u00e9cnicas m\u00ednimas<\/a><\/span><\/span><\/li>\n<li style=\"text-align: left;\"><span class=\"outer\"><span class=\"inner\"><a href=\"https:\/\/mercadoernc.minenergia.cl\/?page_id=746\" rel=\"noopener\">4.8 Informaci\u00f3n y recursos<\/a><\/span><\/span><\/li>\n<\/ul>\n<p>[\/vc_column_text][\/vc_tta_section][\/vc_tta_accordion][\/vc_column][vc_column width=\u00bb3\/4&#8243;][vc_column_text]<\/p>\n<h1>4.7 Exigencias t\u00e9cnicas m\u00ednimas para proyectos ERNC contenidas en la NTSyCS<\/h1>\n<p>La normativa t\u00e9cnica aplicable a la conexi\u00f3n y operaci\u00f3n del generador ERNC difiere seg\u00fan sea el sistema de conexi\u00f3n seleccionado, tal como se discute en la secci\u00f3n 5.2 del libro, donde se profundiza sobre los requisitos para un PMGD. Por su parte, en este cap\u00edtulo, se presentan los art\u00edculos m\u00e1s relevantes de la Norma T\u00e9cnica de Seguridad y Calidad de Servicio (NTSyCS) <span class=\"tooltips \" style=\"\" title=\"Fuente: &lt;a href=&quot;https:\/\/www.cne.cl\/wp-content\/uploads\/2020\/01\/NTSyCS-Dic2019.pdf&quot; target=&quot;_blank&quot; rel=&quot;noopener&quot;&gt;Norma t\u00e9cnica actualizada a diciembre de 2019&lt;\/a&gt;. CNE\"><span style=\"color: #3366ff; cursor: pointer;\">[29]<\/span><\/span> que hacen referencia a las exigencias t\u00e9cnicas de conexi\u00f3n y operaci\u00f3n en los sistemas interconectados de proyectos ERNC. Se recalca que la NTSyCS define las exigencias t\u00e9cnicas aplicables a todas las unidades de generaci\u00f3n cuyo nivel de conexi\u00f3n al sistema el\u00e9ctrico sea superior a 23 kV <span class=\"tooltips \" style=\"\" title=\"Nota: Si bien los PMGD son coordinados por el Coordinador, la NTSyCS les ser\u00eda aplicable en lo relacionado a solicitudes de informaci\u00f3n. La coordinaci\u00f3n de su operaci\u00f3n se enfoca a la empresa de distribuci\u00f3n respectiva seg\u00fan la &lt;a href=&quot;https:\/\/www.cne.cl\/wp-content\/uploads\/2019\/07\/NTCO-PMGD-Julio-2019.pdf&quot; target=&quot;_blank&quot; rel=&quot;noopener&quot;&gt;Norma T\u00e9cnica sobre Conexi\u00f3n y Operaci\u00f3n de Peque\u00f1os Medios de Generaci\u00f3n Distribuidos en Instalaciones de Media Tensi\u00f3n&lt;\/a&gt; (NTCO).\"><span style=\"color: #3366ff; cursor: pointer;\"><strong><em>15<\/em><\/strong><\/span><\/span>, y que existen ciertas disposiciones que aplican de manera concreta a tecnolog\u00edas ERNC, en especial a generaci\u00f3n e\u00f3lica y solar. Es m\u00e1s,\u00a0 se imponen exigencias para su participaci\u00f3n en el control de frecuencia y en el control de tensi\u00f3n.<\/p>\n<p>Las instalaciones y equipamiento de centrales de generadoras que operen interconectadas en el sistema el\u00e9ctrico nacional deben cumplir con ciertas exigencias indicadas en la NTSyCS. La Tabla 7 resume aquellas disposiciones y el correspondiente articulado de la NTSyCS aplicables a proyectos ERNC.<\/p>\n<p><img loading=\"lazy\" decoding=\"async\" class=\"aligncenter size-large wp-image-3667\" src=\"https:\/\/mercadoernc.minenergia.cl\/wp-content\/uploads\/2021\/10\/Tabla-7-1024x844.png\" alt=\"\" width=\"1024\" height=\"844\" srcset=\"https:\/\/mercadoernc.minenergia.cl\/wp-content\/uploads\/2021\/10\/Tabla-7-1024x844.png 1024w, https:\/\/mercadoernc.minenergia.cl\/wp-content\/uploads\/2021\/10\/Tabla-7-300x247.png 300w, https:\/\/mercadoernc.minenergia.cl\/wp-content\/uploads\/2021\/10\/Tabla-7-768x633.png 768w, https:\/\/mercadoernc.minenergia.cl\/wp-content\/uploads\/2021\/10\/Tabla-7-660x544.png 660w, https:\/\/mercadoernc.minenergia.cl\/wp-content\/uploads\/2021\/10\/Tabla-7.png 1345w\" sizes=\"auto, (max-width: 1024px) 100vw, 1024px\" \/>[\/vc_column_text][vc_row_inner][vc_column_inner width=\u00bb1\/2&#8243;][vc_btn title=\u00bbAnterior\u00bb color=\u00bbgreen\u00bb align=\u00bbleft\u00bb i_icon_fontawesome=\u00bbfa fa-chevron-left\u00bb add_icon=\u00bbtrue\u00bb link=\u00bburl:https%3A%2F%2Fmercadoernc.minenergia.cl%2F%3Fpage_id%3D741|||\u00bb][\/vc_column_inner][vc_column_inner width=\u00bb1\/2&#8243;][vc_btn title=\u00bbSiguiente\u00bb color=\u00bbgreen\u00bb align=\u00bbright\u00bb i_icon_fontawesome=\u00bbfa fa-chevron-right\u00bb add_icon=\u00bbtrue\u00bb link=\u00bburl:https%3A%2F%2Fmercadoernc.minenergia.cl%2F%3Fpage_id%3D746|||\u00bb][\/vc_column_inner][\/vc_row_inner][\/vc_column][\/vc_row]<\/p>\n","protected":false},"excerpt":{"rendered":"<p>[vc_row][vc_column width=\u00bb1\/4&#8243;][vc_tta_accordion active_section=\u00bb1&#8243; collapsible_all=\u00bbtrue\u00bb][vc_tta_section i_icon_fontawesome=\u00bbfa fa-plus\u00bb add_icon=\u00bbtrue\u00bb title=\u00bbERNC en Chile\u00bb tab_id=\u00bb1638303973991-85c3ca02-6aba\u00bb][vc_column_text] 4. Las ERNC en el mercado el\u00e9ctrico chileno 4.1 Contexto general 4.2 Definici\u00f3n de medios de generaci\u00f3n 4.3 Descripci\u00f3n general de etapas de desarrollo 4.4 El marco regulatorio 4.5 Ley de ERNC 4.6 Reconocimiento de potencia de suficiencia 4.7 Exigencias t\u00e9cnicas m\u00ednimas 4.8 Informaci\u00f3n [&hellip;]<\/p>\n","protected":false},"author":3,"featured_media":0,"parent":704,"menu_order":0,"comment_status":"closed","ping_status":"closed","template":"","meta":{"_acf_changed":false,"footnotes":""},"class_list":["post-744","page","type-page","status-publish","hentry"],"acf":[],"_links":{"self":[{"href":"https:\/\/mercadoernc.minenergia.cl\/index.php?rest_route=\/wp\/v2\/pages\/744","targetHints":{"allow":["GET"]}}],"collection":[{"href":"https:\/\/mercadoernc.minenergia.cl\/index.php?rest_route=\/wp\/v2\/pages"}],"about":[{"href":"https:\/\/mercadoernc.minenergia.cl\/index.php?rest_route=\/wp\/v2\/types\/page"}],"author":[{"embeddable":true,"href":"https:\/\/mercadoernc.minenergia.cl\/index.php?rest_route=\/wp\/v2\/users\/3"}],"replies":[{"embeddable":true,"href":"https:\/\/mercadoernc.minenergia.cl\/index.php?rest_route=%2Fwp%2Fv2%2Fcomments&post=744"}],"version-history":[{"count":14,"href":"https:\/\/mercadoernc.minenergia.cl\/index.php?rest_route=\/wp\/v2\/pages\/744\/revisions"}],"predecessor-version":[{"id":4315,"href":"https:\/\/mercadoernc.minenergia.cl\/index.php?rest_route=\/wp\/v2\/pages\/744\/revisions\/4315"}],"up":[{"embeddable":true,"href":"https:\/\/mercadoernc.minenergia.cl\/index.php?rest_route=\/wp\/v2\/pages\/704"}],"wp:attachment":[{"href":"https:\/\/mercadoernc.minenergia.cl\/index.php?rest_route=%2Fwp%2Fv2%2Fmedia&parent=744"}],"curies":[{"name":"wp","href":"https:\/\/api.w.org\/{rel}","templated":true}]}}