{"id":692,"date":"2018-06-26T15:59:59","date_gmt":"2018-06-26T15:59:59","guid":{"rendered":"https:\/\/mercadoernc.minenergia.cl\/?page_id=692"},"modified":"2021-11-30T20:11:22","modified_gmt":"2021-11-30T20:11:22","slug":"3-7-importacion-exportacion-de-energia-electrica","status":"publish","type":"page","link":"https:\/\/mercadoernc.minenergia.cl\/?page_id=692","title":{"rendered":"3.7 Importaci\u00f3n \/ exportaci\u00f3n de energ\u00eda el\u00e9ctrica"},"content":{"rendered":"<p>[vc_row][vc_column width=\u00bb1\/4&#8243;][vc_tta_accordion active_section=\u00bb1&#8243; collapsible_all=\u00bbtrue\u00bb][vc_tta_section i_icon_fontawesome=\u00bbfa fa-plus\u00bb add_icon=\u00bbtrue\u00bb title=\u00bbMercado El\u00e9ctrico\u00bb tab_id=\u00bb1638302979530-2ab67ba9-9136&#8243;][vc_column_text]<\/p>\n<ul>\n<li style=\"text-align: left;\"><span class=\"outer\"><span class=\"inner\"><a href=\"https:\/\/mercadoernc.minenergia.cl\/?page_id=651\" rel=\"noopener\">3. Funcionamiento del mercado el\u00e9ctrico chileno<\/a><\/span><\/span><\/li>\n<li style=\"text-align: left;\"><span class=\"outer\"><span class=\"inner\"><a href=\"https:\/\/mercadoernc.minenergia.cl\/?page_id=653\" rel=\"noopener\">3.1 Fundamento econ\u00f3mico<\/a><\/span><\/span><\/li>\n<li style=\"text-align: left;\"><span class=\"outer\"><span class=\"inner\"><a href=\"https:\/\/mercadoernc.minenergia.cl\/?page_id=664\" rel=\"noopener\">3.2 Modelo del mercado el\u00e9ctrico<\/a><\/span><\/span><\/li>\n<li style=\"text-align: left;\"><span class=\"outer\"><span class=\"inner\"><a href=\"https:\/\/mercadoernc.minenergia.cl\/?page_id=668\" rel=\"noopener\">3.3 El mercado spot<\/a><\/span><\/span><\/li>\n<li style=\"text-align: left;\"><span class=\"outer\"><span class=\"inner\"><a href=\"https:\/\/mercadoernc.minenergia.cl\/?page_id=672\" rel=\"noopener\">3.4 Mercado de contratos<\/a><\/span><\/span><\/li>\n<li style=\"text-align: left;\"><a href=\"https:\/\/mercadoernc.minenergia.cl\/?page_id=675\" rel=\"noopener\">3.5 Suficiencia y seguridad<\/a><\/li>\n<li style=\"text-align: left;\"><span class=\"outer\"><span class=\"inner\"><a href=\"https:\/\/mercadoernc.minenergia.cl\/?page_id=677\" rel=\"noopener\">3.6 Ley de Facturaci\u00f3n Neta<\/a><\/span><\/span><\/li>\n<li style=\"text-align: left;\"><span class=\"outer\"><span class=\"inner\"><a href=\"https:\/\/mercadoernc.minenergia.cl\/?page_id=692\" rel=\"noopener\">3.7 Importaci\u00f3n \/ exportaci\u00f3n<\/a><\/span><\/span><\/li>\n<\/ul>\n<p>[\/vc_column_text][\/vc_tta_section][\/vc_tta_accordion][\/vc_column][vc_column width=\u00bb3\/4&#8243;][vc_column_text]<\/p>\n<h1>3.7 Importaci\u00f3n \/ exportaci\u00f3n de energ\u00eda el\u00e9ctrica<\/h1>\n<p>La nueva Ley 20.936 de 2016 incorpora por primera vez en la legislaci\u00f3n el\u00e9ctrica chilena, la exportaci\u00f3n e importaci\u00f3n de energ\u00eda y servicios el\u00e9ctricos. Para exportar o importar se debe contar con la autorizaci\u00f3n del Ministerio de Energ\u00eda, la que deber\u00e1 ser otorgada por decreto supremo, previo informe de la Superintendencia, de la Comisi\u00f3n Nacional de Energ\u00eda y del Coordinador.<\/p>\n<p>En el mencionado decreto se deber\u00e1n definir los aspectos regulatorios aplicables a la energ\u00eda destinada al intercambio, establecer las condiciones generales de la operaci\u00f3n, incluyendo al menos el plazo de duraci\u00f3n y las condiciones espec\u00edficas en que se autoriza. Las condiciones de operaciones establecidas en el permiso deben asegurar la operaci\u00f3n m\u00e1s econ\u00f3mica del conjunto de las instalaciones del sistema el\u00e9ctrico y garantizar el cumplimiento de los est\u00e1ndares de seguridad y calidad de servicio el\u00e9ctrico. Adicionalmente, tal como se describi\u00f3 en la Secci\u00f3n 2.4.1, la nueva Ley 20.936 de 2016 establece un segmento de la transmisi\u00f3n especialmente orientado a posibilitar la exportaci\u00f3n o importaci\u00f3n y por tanto la regulaci\u00f3n de este tipo de l\u00edneas ser\u00e1 independiente a las otras l\u00edneas del pa\u00eds.<\/p>\n<p>Actualmente, Chile cuenta con una interconexi\u00f3n el\u00e9ctrica con el Sistema Argentino de Interconexi\u00f3n a trav\u00e9s de la regi\u00f3n de Antofagasta, que es utilizada para intercambios espor\u00e1dicos de energ\u00eda, a trav\u00e9s de un decreto publicado por el Ministerio de Energ\u00eda que regula la exportaci\u00f3n (D.S. N\u00b0 7 de 2015). Adicionalmente, en el a\u00f1o 2016 se concretaron las iniciativas p\u00fablicas y privadas para materializar una interconexi\u00f3n con Per\u00fa, y en octubre de 2019 se finaliz\u00f3 un estudio de factibilidad, en el cual se confirma la viabilidad t\u00e9cnica y econ\u00f3mica de la primera interconexi\u00f3n con Per\u00fa.[\/vc_column_text][vc_row_inner][vc_column_inner width=\u00bb1\/2&#8243;][vc_btn title=\u00bbAnterior\u00bb color=\u00bbgreen\u00bb align=\u00bbleft\u00bb i_icon_fontawesome=\u00bbfa fa-chevron-left\u00bb add_icon=\u00bbtrue\u00bb link=\u00bburl:https%3A%2F%2Fmercadoernc.minenergia.cl%2F%3Fpage_id%3D677|||\u00bb][\/vc_column_inner][vc_column_inner width=\u00bb1\/2&#8243;][vc_btn title=\u00bbSiguiente\u00bb color=\u00bbgreen\u00bb align=\u00bbright\u00bb i_icon_fontawesome=\u00bbfa fa-chevron-right\u00bb add_icon=\u00bbtrue\u00bb link=\u00bburl:https%3A%2F%2Fmercadoernc.minenergia.cl%2F%3Fpage_id%3D704|||\u00bb][\/vc_column_inner][\/vc_row_inner][\/vc_column][\/vc_row]<\/p>\n","protected":false},"excerpt":{"rendered":"<p>[vc_row][vc_column width=\u00bb1\/4&#8243;][vc_tta_accordion active_section=\u00bb1&#8243; collapsible_all=\u00bbtrue\u00bb][vc_tta_section i_icon_fontawesome=\u00bbfa fa-plus\u00bb add_icon=\u00bbtrue\u00bb title=\u00bbMercado El\u00e9ctrico\u00bb tab_id=\u00bb1638302979530-2ab67ba9-9136&#8243;][vc_column_text] 3. Funcionamiento del mercado el\u00e9ctrico chileno 3.1 Fundamento econ\u00f3mico 3.2 Modelo del mercado el\u00e9ctrico 3.3 El mercado spot 3.4 Mercado de contratos 3.5 Suficiencia y seguridad 3.6 Ley de Facturaci\u00f3n Neta 3.7 Importaci\u00f3n \/ exportaci\u00f3n [\/vc_column_text][\/vc_tta_section][\/vc_tta_accordion][\/vc_column][vc_column width=\u00bb3\/4&#8243;][vc_column_text] 3.7 Importaci\u00f3n \/ exportaci\u00f3n de energ\u00eda el\u00e9ctrica La [&hellip;]<\/p>\n","protected":false},"author":3,"featured_media":0,"parent":651,"menu_order":0,"comment_status":"closed","ping_status":"closed","template":"","meta":{"_acf_changed":false,"footnotes":""},"class_list":["post-692","page","type-page","status-publish","hentry"],"acf":[],"_links":{"self":[{"href":"https:\/\/mercadoernc.minenergia.cl\/index.php?rest_route=\/wp\/v2\/pages\/692","targetHints":{"allow":["GET"]}}],"collection":[{"href":"https:\/\/mercadoernc.minenergia.cl\/index.php?rest_route=\/wp\/v2\/pages"}],"about":[{"href":"https:\/\/mercadoernc.minenergia.cl\/index.php?rest_route=\/wp\/v2\/types\/page"}],"author":[{"embeddable":true,"href":"https:\/\/mercadoernc.minenergia.cl\/index.php?rest_route=\/wp\/v2\/users\/3"}],"replies":[{"embeddable":true,"href":"https:\/\/mercadoernc.minenergia.cl\/index.php?rest_route=%2Fwp%2Fv2%2Fcomments&post=692"}],"version-history":[{"count":6,"href":"https:\/\/mercadoernc.minenergia.cl\/index.php?rest_route=\/wp\/v2\/pages\/692\/revisions"}],"predecessor-version":[{"id":4178,"href":"https:\/\/mercadoernc.minenergia.cl\/index.php?rest_route=\/wp\/v2\/pages\/692\/revisions\/4178"}],"up":[{"embeddable":true,"href":"https:\/\/mercadoernc.minenergia.cl\/index.php?rest_route=\/wp\/v2\/pages\/651"}],"wp:attachment":[{"href":"https:\/\/mercadoernc.minenergia.cl\/index.php?rest_route=%2Fwp%2Fv2%2Fmedia&parent=692"}],"curies":[{"name":"wp","href":"https:\/\/api.w.org\/{rel}","templated":true}]}}