{"id":672,"date":"2018-06-26T13:26:06","date_gmt":"2018-06-26T13:26:06","guid":{"rendered":"https:\/\/mercadoernc.minenergia.cl\/?page_id=672"},"modified":"2021-11-30T20:07:36","modified_gmt":"2021-11-30T20:07:36","slug":"3-4-mercado-de-contratos","status":"publish","type":"page","link":"https:\/\/mercadoernc.minenergia.cl\/?page_id=672","title":{"rendered":"3.4 Mercado de contratos"},"content":{"rendered":"<p>[vc_row][vc_column width=\u00bb1\/4&#8243;][vc_tta_accordion active_section=\u00bb1&#8243; collapsible_all=\u00bbtrue\u00bb][vc_tta_section i_icon_fontawesome=\u00bbfa fa-plus\u00bb add_icon=\u00bbtrue\u00bb title=\u00bbMercado El\u00e9ctrico\u00bb tab_id=\u00bb1638301989078-44b0b5d6-d180&#8243;][vc_column_text]<\/p>\n<ul>\n<li style=\"text-align: left;\"><span class=\"outer\"><span class=\"inner\"><a href=\"https:\/\/mercadoernc.minenergia.cl\/?page_id=651\" rel=\"noopener\">3. Funcionamiento del mercado el\u00e9ctrico chileno<\/a><\/span><\/span><\/li>\n<li style=\"text-align: left;\"><span class=\"outer\"><span class=\"inner\"><a href=\"https:\/\/mercadoernc.minenergia.cl\/?page_id=653\" rel=\"noopener\">3.1 Fundamento econ\u00f3mico<\/a><\/span><\/span><\/li>\n<li style=\"text-align: left;\"><span class=\"outer\"><span class=\"inner\"><a href=\"https:\/\/mercadoernc.minenergia.cl\/?page_id=664\" rel=\"noopener\">3.2 Modelo del mercado el\u00e9ctrico<\/a><\/span><\/span><\/li>\n<li style=\"text-align: left;\"><span class=\"outer\"><span class=\"inner\"><a href=\"https:\/\/mercadoernc.minenergia.cl\/?page_id=668\" rel=\"noopener\">3.3 El mercado spot<\/a><\/span><\/span><\/li>\n<li style=\"text-align: left;\"><span class=\"outer\"><span class=\"inner\"><a href=\"https:\/\/mercadoernc.minenergia.cl\/?page_id=672\" rel=\"noopener\">3.4 Mercado de contratos<\/a><\/span><\/span><\/li>\n<li style=\"text-align: left;\"><a href=\"https:\/\/mercadoernc.minenergia.cl\/?page_id=675\" rel=\"noopener\">3.5 Suficiencia y seguridad<\/a><\/li>\n<li style=\"text-align: left;\"><span class=\"outer\"><span class=\"inner\"><a href=\"https:\/\/mercadoernc.minenergia.cl\/?page_id=677\" rel=\"noopener\">3.6 Ley de Facturaci\u00f3n Neta<\/a><\/span><\/span><\/li>\n<li style=\"text-align: left;\"><span class=\"outer\"><span class=\"inner\"><a href=\"https:\/\/mercadoernc.minenergia.cl\/?page_id=692\" rel=\"noopener\">3.7 Importaci\u00f3n \/ exportaci\u00f3n<\/a><\/span><\/span><\/li>\n<\/ul>\n<p>[\/vc_column_text][\/vc_tta_section][\/vc_tta_accordion][\/vc_column][vc_column width=\u00bb3\/4&#8243;][vc_column_text]<\/p>\n<h1>3.4 Mercado de contratos<\/h1>\n<p>El mercado de contratos corresponde a un mercado de tipo financiero con contratos pactados libremente entre las partes. El mercado de contratos presenta las siguientes caracter\u00edsticas:<\/p>\n<ul>\n<li>Los generadores pueden hacer contratos con empresas distribuidoras y clientes libres.<\/li>\n<li>Los contratos con empresas distribuidoras pueden ser para el abastecimiento de clientes regulados o para clientes libres.<\/li>\n<li>Los contratos son confidenciales, especificaciones sobre punto de suministro y cantidades deben ser informadas al Coordinador del sistema para su administraci\u00f3n. Sin embargo, la CNE y el Ministerio en su rol de monitoreo pueden solicitar informaci\u00f3n de estos contratos.<\/li>\n<li>En el mercado de contratos se establece una obligaci\u00f3n de suministrar y una obligaci\u00f3n de comprar a un precio predeterminado. Normalmente las mediciones se realizan hora a hora.<\/li>\n<li>Los contratos son financieros, es decir, el generador compra en el mercado <em>spot<\/em> para vender en el mercado de contratos, se encuentre o no despachado. El contrato financiero permite dar estabilidad de precio a los agentes compradores y vendedores, de acuerdo a las expectativas de la evoluci\u00f3n de los costos marginales que cada cual tenga.<\/li>\n<li>Los contratos de venta a distribuidores para clientes regulados deben considerar el precio resultante de las licitaciones p\u00fablicas reguladas y dirigidas por la CNE.<\/li>\n<li>La venta de potencia se realiza a precio resultante del estudio de precio de nudo calculado semestralmente por la CNE en los meses de abril y octubre.<\/li>\n<\/ul>\n<p>[\/vc_column_text][vc_row_inner][vc_column_inner width=\u00bb1\/2&#8243;][vc_btn title=\u00bbAnterior\u00bb color=\u00bbgreen\u00bb align=\u00bbleft\u00bb i_icon_fontawesome=\u00bbfa fa-chevron-left\u00bb add_icon=\u00bbtrue\u00bb link=\u00bburl:https%3A%2F%2Fmercadoernc.minenergia.cl%2F%3Fpage_id%3D668|||\u00bb][\/vc_column_inner][vc_column_inner width=\u00bb1\/2&#8243;][vc_btn title=\u00bbSiguiente\u00bb color=\u00bbgreen\u00bb align=\u00bbright\u00bb i_icon_fontawesome=\u00bbfa fa-chevron-right\u00bb add_icon=\u00bbtrue\u00bb link=\u00bburl:https%3A%2F%2Fmercadoernc.minenergia.cl%2F%3Fpage_id%3D675|||\u00bb][\/vc_column_inner][\/vc_row_inner][\/vc_column][\/vc_row]<\/p>\n","protected":false},"excerpt":{"rendered":"<p>[vc_row][vc_column width=\u00bb1\/4&#8243;][vc_tta_accordion active_section=\u00bb1&#8243; collapsible_all=\u00bbtrue\u00bb][vc_tta_section i_icon_fontawesome=\u00bbfa fa-plus\u00bb add_icon=\u00bbtrue\u00bb title=\u00bbMercado El\u00e9ctrico\u00bb tab_id=\u00bb1638301989078-44b0b5d6-d180&#8243;][vc_column_text] 3. Funcionamiento del mercado el\u00e9ctrico chileno 3.1 Fundamento econ\u00f3mico 3.2 Modelo del mercado el\u00e9ctrico 3.3 El mercado spot 3.4 Mercado de contratos 3.5 Suficiencia y seguridad 3.6 Ley de Facturaci\u00f3n Neta 3.7 Importaci\u00f3n \/ exportaci\u00f3n [\/vc_column_text][\/vc_tta_section][\/vc_tta_accordion][\/vc_column][vc_column width=\u00bb3\/4&#8243;][vc_column_text] 3.4 Mercado de contratos El mercado de contratos [&hellip;]<\/p>\n","protected":false},"author":3,"featured_media":0,"parent":651,"menu_order":0,"comment_status":"closed","ping_status":"closed","template":"","meta":{"_acf_changed":false,"footnotes":""},"class_list":["post-672","page","type-page","status-publish","hentry"],"acf":[],"_links":{"self":[{"href":"https:\/\/mercadoernc.minenergia.cl\/index.php?rest_route=\/wp\/v2\/pages\/672","targetHints":{"allow":["GET"]}}],"collection":[{"href":"https:\/\/mercadoernc.minenergia.cl\/index.php?rest_route=\/wp\/v2\/pages"}],"about":[{"href":"https:\/\/mercadoernc.minenergia.cl\/index.php?rest_route=\/wp\/v2\/types\/page"}],"author":[{"embeddable":true,"href":"https:\/\/mercadoernc.minenergia.cl\/index.php?rest_route=\/wp\/v2\/users\/3"}],"replies":[{"embeddable":true,"href":"https:\/\/mercadoernc.minenergia.cl\/index.php?rest_route=%2Fwp%2Fv2%2Fcomments&post=672"}],"version-history":[{"count":4,"href":"https:\/\/mercadoernc.minenergia.cl\/index.php?rest_route=\/wp\/v2\/pages\/672\/revisions"}],"predecessor-version":[{"id":4175,"href":"https:\/\/mercadoernc.minenergia.cl\/index.php?rest_route=\/wp\/v2\/pages\/672\/revisions\/4175"}],"up":[{"embeddable":true,"href":"https:\/\/mercadoernc.minenergia.cl\/index.php?rest_route=\/wp\/v2\/pages\/651"}],"wp:attachment":[{"href":"https:\/\/mercadoernc.minenergia.cl\/index.php?rest_route=%2Fwp%2Fv2%2Fmedia&parent=672"}],"curies":[{"name":"wp","href":"https:\/\/api.w.org\/{rel}","templated":true}]}}