{"id":1217,"date":"2018-07-20T16:13:39","date_gmt":"2018-07-20T16:13:39","guid":{"rendered":"https:\/\/mercadoernc.minenergia.cl\/?page_id=1217"},"modified":"2022-01-26T18:32:31","modified_gmt":"2022-01-26T18:32:31","slug":"anexo-7-links-principales-leyes-reglamentos-normas","status":"publish","type":"page","link":"https:\/\/mercadoernc.minenergia.cl\/?page_id=1217","title":{"rendered":"Anexo 7: Links a las principales leyes, reglamentos y normas del sector el\u00e9ctrico"},"content":{"rendered":"[vc_row][vc_column width=\u00bb1\/4&#8243;][vc_tta_accordion active_section=\u00bb1&#8243; collapsible_all=\u00bbtrue\u00bb][vc_tta_section i_icon_fontawesome=\u00bbfa fa-plus\u00bb add_icon=\u00bbtrue\u00bb title=\u00bbAnexos\u00bb tab_id=\u00bb1638364139788-501abb8d-9fa7&#8243;][vc_column_text]\n<ul>\n \t<li style=\"text-align: left;\"><span class=\"outer\"><span class=\"inner\"><a href=\"https:\/\/mercadoernc.minenergia.cl\/?page_id=1072\" rel=\"noopener\">Anexo 1: Marco regulatorio<\/a><\/span><\/span><\/li>\n \t<li style=\"text-align: left;\"><span class=\"outer\"><span class=\"inner\"><a href=\"https:\/\/mercadoernc.minenergia.cl\/?page_id=1109\" rel=\"noopener\">Anexo 2: Aspectos de funcionamiento del mercado<\/a><\/span><\/span><\/li>\n \t<li style=\"text-align: left;\"><span class=\"outer\"><span class=\"inner\"><a href=\"https:\/\/mercadoernc.minenergia.cl\/?page_id=1130\" rel=\"noopener\">Anexo 3: Potencia de suficiencia<\/a><\/span><\/span><\/li>\n \t<li style=\"text-align: left;\"><span class=\"outer\"><span class=\"inner\"><a href=\"https:\/\/mercadoernc.minenergia.cl\/?page_id=1140\" rel=\"noopener\">Anexo 4: Generaci\u00f3n Distribuida<\/a><\/span><\/span><\/li>\n \t<li style=\"text-align: left;\"><span class=\"outer\"><span class=\"inner\"><a href=\"https:\/\/mercadoernc.minenergia.cl\/?page_id=1187\" rel=\"noopener\">Anexo 5: Plataformas de informaci\u00f3n<\/a><\/span><\/span><\/li>\n \t<li style=\"text-align: left;\"><span class=\"outer\"><span class=\"inner\"><a href=\"https:\/\/mercadoernc.minenergia.cl\/?page_id=1208\" rel=\"noopener\">Anexo 6: Glosario de t\u00e9rminos<\/a><\/span><\/span><\/li>\n \t<li style=\"text-align: left;\"><span class=\"outer\"><span class=\"inner\"><a href=\"https:\/\/mercadoernc.minenergia.cl\/?page_id=1217\" rel=\"noopener\">Anexo 7: Links a las principales leyes, reglamentos y normas<\/a><\/span><\/span><\/li>\n<\/ul>\n[\/vc_column_text][\/vc_tta_section][\/vc_tta_accordion][\/vc_column][vc_column width=\u00bb3\/4&#8243;][vc_column_text]\n<h1>Anexo 7: Links a las principales leyes, reglamentos y normas del sector el\u00e9ctrico<\/h1>\nSe presentan a continuaci\u00f3n los links a las principales leyes, reglamentos y normas del sector el\u00e9ctrico donde se encuentran las versiones m\u00e1s actualizadas de los mismos.\n<table style=\"height: 1584px;\" width=\"937\">\n<tbody>\n<tr>\n<td width=\"442\"><strong>Ley<\/strong><\/td>\n<td width=\"139\"><strong>Link<\/strong><\/td>\n<\/tr>\n<tr>\n<td width=\"442\">Decreto con Fuerza de Ley No 4, Ley General de Servicios El\u00e9ctricos (LGSE)<\/td>\n<td width=\"139\"><a href=\"http:\/\/bcn.cl\/1uy1n\">http:\/\/bcn.cl\/1uy1n<\/a><\/td>\n<\/tr>\n<tr>\n<td width=\"442\">Ley 19.940 de 2004 (Ley Corta I)<\/td>\n<td width=\"139\"><a href=\"http:\/\/bcn.cl\/1v19t\">http:\/\/bcn.cl\/1v19t<\/a><\/td>\n<\/tr>\n<tr>\n<td width=\"442\">Ley 20.018 de 2005 (Ley Corta II)<\/td>\n<td width=\"139\"><a href=\"http:\/\/bcn.cl\/1uyd9\">http:\/\/bcn.cl\/1uyd9<\/a><\/td>\n<\/tr>\n<tr>\n<td width=\"442\">Ley 20.220 de 2007 Para Resguardar la Seguridad del Suministro a los Clientes Regulados y la Suficiencia de los Sistemas El\u00e9ctricos (Ley de Administraci\u00f3n Provisional)<\/td>\n<td width=\"139\"><a href=\"http:\/\/bcn.cl\/1xnvo\">http:\/\/bcn.cl\/1xnvo<\/a><\/td>\n<\/tr>\n<tr>\n<td width=\"442\">Ley 20.257 de 2008 (Ley ERNC I)<\/td>\n<td width=\"139\"><a href=\"http:\/\/bcn.cl\/1uw25\">http:\/\/bcn.cl\/1uw25<\/a><\/td>\n<\/tr>\n<tr>\n<td width=\"442\">Ley 20.402\u00a0 de 2009 (Crea el Ministerio de Energ\u00eda)<\/td>\n<td width=\"139\"><a href=\"http:\/\/bcn.cl\/1v09a\">http:\/\/bcn.cl\/1v09a<\/a><\/td>\n<\/tr>\n<tr>\n<td width=\"442\">Ley 20.571\u00a0 de 2012 (Ley de Facturaci\u00f3n Neta)<\/td>\n<td width=\"139\"><a href=\"http:\/\/bcn.cl\/1v0bx\">http:\/\/bcn.cl\/1v0bx<\/a><\/td>\n<\/tr>\n<tr>\n<td width=\"442\">Ley 20.701\u00a0 de 2013 (Agiliza el otorgamiento de Concesiones El\u00e9ctricas)<\/td>\n<td width=\"139\"><a href=\"http:\/\/bcn.cl\/1v5p9\">http:\/\/bcn.cl\/1v5p9<\/a><\/td>\n<\/tr>\n<tr>\n<td width=\"442\">Ley 20.698 de 2013 (Ley ERNC II)<\/td>\n<td width=\"139\"><a href=\"http:\/\/bcn.cl\/1uyc4\">http:\/\/bcn.cl\/1uyc4<\/a><\/td>\n<\/tr>\n<tr>\n<td width=\"442\">Ley 20.720 de 2013 (Ley de quiebras)<\/td>\n<td width=\"139\"><a href=\"http:\/\/bcn.cl\/1uvtk\">http:\/\/bcn.cl\/1uvtk<\/a><\/td>\n<\/tr>\n<tr>\n<td width=\"442\">Ley 20.726 de 2014 (Interconexi\u00f3n de sistemas el\u00e9ctricos)<\/td>\n<td width=\"139\"><a href=\"http:\/\/bcn.cl\/1z4yu\">http:\/\/bcn.cl\/1z4yu<\/a><\/td>\n<\/tr>\n<tr>\n<td width=\"442\">Ley 20.805 de 2015 (Perfecciona el sistema de licitaciones reguladas)<\/td>\n<td width=\"139\"><a href=\"http:\/\/bcn.cl\/1vm95\">http:\/\/bcn.cl\/1vm95<\/a><\/td>\n<\/tr>\n<tr>\n<td width=\"442\">Ley 20.897 de 2016 (Franquicia tributaria respecto de sistemas solares t\u00e9rmicos\u00a0 y beneficio de alzamiento de suspensi\u00f3n de obras para proyectos ERNC)<\/td>\n<td width=\"139\"><a href=\"http:\/\/bcn.cl\/1w2do\">http:\/\/bcn.cl\/1w2do<\/a><\/td>\n<\/tr>\n<tr>\n<td width=\"442\">Ley 20.928 de 2016 (Ley de Equidad Tarifaria)<\/td>\n<td width=\"139\"><a href=\"http:\/\/bcn.cl\/1w9b2\">http:\/\/bcn.cl\/1w9b2<\/a><\/td>\n<\/tr>\n<tr>\n<td width=\"442\">Ley 20.936 de 2016 (Ley de Transmisi\u00f3n y Coordinador Independiente del Sistema El\u00e9ctrico Nacional)<\/td>\n<td width=\"139\"><a href=\"http:\/\/bcn.cl\/1z4yy\">http:\/\/bcn.cl\/1z4yy<\/a><\/td>\n<\/tr>\n<tr>\n<td width=\"442\">Ley 21.185 de 2019 (Ley de Precio Estabilizado a Cliente Regulado)<\/td>\n<td width=\"139\"><a href=\"https:\/\/www.bcn.cl\/leychile\/navegar?idNorma=1138181\" target=\"_blank\" rel=\"noopener\">https:\/\/www.bcn.cl\/leychile\/navegar?idNorma=1138181<\/a><\/td>\n<\/tr>\n<tr>\n<td width=\"442\">Ley 21.194 de 2019 (Ley Corta de Distribuci\u00f3n)<\/td>\n<td width=\"139\"><a href=\"https:\/\/www.bcn.cl\/leychile\/navegar?idNorma=1140301\" target=\"_blank\" rel=\"noopener\">https:\/\/www.bcn.cl\/leychile\/navegar?idNorma=1140301<\/a><\/td>\n<\/tr>\n<\/tbody>\n<\/table>\n<table>\n<tbody>\n<tr>\n<td width=\"442\"><strong>Reglamento<\/strong><\/td>\n<td width=\"139\"><strong>Link<\/strong><\/td>\n<\/tr>\n<tr>\n<td width=\"442\">Decreto Supremo N\u00b0327 de 1997 (Reglamento LGSE)<\/td>\n<td width=\"139\"><a href=\"http:\/\/bcn.cl\/1uz8k\">http:\/\/bcn.cl\/1uz8k<\/a><\/td>\n<\/tr>\n<tr>\n<td width=\"442\">Decreto Supremo N\u00b088 de 2020 (Reglamento PMGD)<\/td>\n<td width=\"139\"><a href=\"https:\/\/www.bcn.cl\/leychile\/navegar?idNorma=1150437&amp;idVersion=2020-10-27&amp;idParte=10166021\" target=\"_blank\" rel=\"noopener\">https:\/\/www.bcn.cl\/leychile\/navegar?idNorma=1150437&amp;idVersion=2020-10-27&amp;idParte=10166021<\/a><\/td>\n<\/tr>\n<tr>\n<td width=\"442\">Decreto Supremo N\u00b062 de 2006 (Reglamento potencia de suficiencia)<\/td>\n<td width=\"139\"><a href=\"https:\/\/www.bcn.cl\/leychile\/navegar?idNorma=1153949=250604\" target=\"_blank\" rel=\"noopener\">https:\/\/www.bcn.cl\/leychile\/navegar?idNorma=1153949=250604<\/a><\/td>\n<\/tr>\n<tr>\n<td width=\"442\">Decreto Supremo N\u00b0113 de 2019 (Reglamento Servicios Complementarios)<\/td>\n<td width=\"139\"><a href=\"rma=1129970&amp;idParte=10010150&amp;idVersion=2020-01-01\">rma=1129970&amp;idParte=10010150&amp;idVersion=2020-01-01<\/a><\/td>\n<\/tr>\n<tr>\n<td width=\"442\">Decreto Supremo N\u00b086 de 2012 (Reglamento para fijaci\u00f3n de precio de nudo)<\/td>\n<td width=\"139\"><a href=\"http:\/\/bcn.cl\/1wxtu\">http:\/\/bcn.cl\/1wxtu<\/a><\/td>\n<\/tr>\n<tr>\n<td width=\"442\">Decreto Supremo N\u00b0114 de 2012 (Concesiones geot\u00e9rmicas)<\/td>\n<td width=\"139\"><a href=\"http:\/\/bcn.cl\/1vwlv\">http:\/\/bcn.cl\/1vwlv<\/a><\/td>\n<\/tr>\n<tr>\n<td width=\"442\">Decreto Supremo N\u00b057 de 2019 (Reglamento Ley Facturaci\u00f3n Neta)<\/td>\n<td width=\"139\"><a href=\"https:\/\/energia.gob.cl\/sites\/default\/files\/publicacion_decreto_57_de_2019_0.pdf\" target=\"_blank\" rel=\"noopener\">https:\/\/energia.gob.cl\/sites\/default\/files\/publicacion_decreto_57_de_2019_0.pdf<\/a><\/td>\n<\/tr>\n<tr>\n<td width=\"442\">Decreto Supremo N\u00b0125 de 2019 (Reglamento de la Coordinaci\u00f3n y Operaci\u00f3n del Sistema El\u00e9ctrico Nacional)<\/td>\n<td width=\"139\"><a href=\"https:\/\/www.bcn.cl\/leychile\/navegar?idNorma=1140253&amp;idParte=10083689&amp;idVersion=2019-12-20\" target=\"_blank\" rel=\"noopener\">https:\/\/www.bcn.cl\/leychile\/navegar?idNorma=1140253&amp;idParte=10083689&amp;idVersion=2019-12-20<\/a><\/td>\n<\/tr>\n<\/tbody>\n<\/table>\n<span style=\"font-size: revert; color: initial;\">Las \u00faltimas normas t\u00e9cnicas pueden ser descargadas del sitio web de la Comisi\u00f3n Nacional de Energ\u00eda (CNE) a trav\u00e9s del siguiente link: <\/span><a style=\"font-size: revert;\" href=\"https:\/\/www.cne.cl\/normativas\/electrica\/normas-tecnicas\/\" target=\"_blank\" rel=\"noopener\">https:\/\/www.cne.cl\/normativas\/electrica\/normas-tecnicas\/<\/a><span style=\"font-size: revert; color: initial;\">[\/vc_column_text][vc_row_inner][vc_column_inner width=\u00bb1\/2&#8243;][vc_btn title=\u00bbAnterior\u00bb color=\u00bbgreen\u00bb align=\u00bbleft\u00bb i_icon_fontawesome=\u00bbfa fa-chevron-left\u00bb add_icon=\u00bbtrue\u00bb link=\u00bburl:https%3A%2F%2Fmercadoernc.minenergia.cl%2F%3Fpage_id%3D1208|||\u00bb][\/vc_column_inner][vc_column_inner width=\u00bb1\/2&#8243;][\/vc_column_inner][\/vc_row_inner][\/vc_column][\/vc_row][vc_row][vc_column][vc_column_text]\n\n<\/span>\n\n<!-- \/wp:post-content -->\n\n[\/vc_column_text][\/vc_column][\/vc_row]<!-- \/wp:freeform -->","protected":false},"excerpt":{"rendered":"<p>[vc_row][vc_column width=\u00bb1\/4&#8243;][vc_tta_accordion active_section=\u00bb1&#8243; collapsible_all=\u00bbtrue\u00bb][vc_tta_section i_icon_fontawesome=\u00bbfa fa-plus\u00bb add_icon=\u00bbtrue\u00bb title=\u00bbAnexos\u00bb tab_id=\u00bb1638364139788-501abb8d-9fa7&#8243;][vc_column_text] Anexo 1: Marco regulatorio Anexo 2: Aspectos de funcionamiento del mercado Anexo 3: Potencia de suficiencia Anexo 4: Generaci\u00f3n Distribuida Anexo 5: Plataformas de informaci\u00f3n Anexo 6: Glosario de t\u00e9rminos Anexo 7: Links a las principales leyes, reglamentos y normas [\/vc_column_text][\/vc_tta_section][\/vc_tta_accordion][\/vc_column][vc_column width=\u00bb3\/4&#8243;][vc_column_text] Anexo 7: Links a [&hellip;]<\/p>\n","protected":false},"author":3,"featured_media":0,"parent":0,"menu_order":0,"comment_status":"closed","ping_status":"closed","template":"","meta":{"_acf_changed":false,"footnotes":""},"class_list":["post-1217","page","type-page","status-publish","hentry"],"acf":[],"_links":{"self":[{"href":"https:\/\/mercadoernc.minenergia.cl\/index.php?rest_route=\/wp\/v2\/pages\/1217","targetHints":{"allow":["GET"]}}],"collection":[{"href":"https:\/\/mercadoernc.minenergia.cl\/index.php?rest_route=\/wp\/v2\/pages"}],"about":[{"href":"https:\/\/mercadoernc.minenergia.cl\/index.php?rest_route=\/wp\/v2\/types\/page"}],"author":[{"embeddable":true,"href":"https:\/\/mercadoernc.minenergia.cl\/index.php?rest_route=\/wp\/v2\/users\/3"}],"replies":[{"embeddable":true,"href":"https:\/\/mercadoernc.minenergia.cl\/index.php?rest_route=%2Fwp%2Fv2%2Fcomments&post=1217"}],"version-history":[{"count":22,"href":"https:\/\/mercadoernc.minenergia.cl\/index.php?rest_route=\/wp\/v2\/pages\/1217\/revisions"}],"predecessor-version":[{"id":4405,"href":"https:\/\/mercadoernc.minenergia.cl\/index.php?rest_route=\/wp\/v2\/pages\/1217\/revisions\/4405"}],"wp:attachment":[{"href":"https:\/\/mercadoernc.minenergia.cl\/index.php?rest_route=%2Fwp%2Fv2%2Fmedia&parent=1217"}],"curies":[{"name":"wp","href":"https:\/\/api.w.org\/{rel}","templated":true}]}}