{"id":1098,"date":"2018-07-19T23:05:15","date_gmt":"2018-07-19T23:05:15","guid":{"rendered":"https:\/\/mercadoernc.minenergia.cl\/?page_id=1098"},"modified":"2022-01-24T22:53:57","modified_gmt":"2022-01-24T22:53:57","slug":"1-3-normativa-tecnica","status":"publish","type":"page","link":"https:\/\/mercadoernc.minenergia.cl\/?page_id=1098","title":{"rendered":"1.3 Normativa t\u00e9cnica"},"content":{"rendered":"<p>[vc_row][vc_column width=\u00bb1\/4&#8243;][vc_tta_accordion active_section=\u00bb1&#8243; collapsible_all=\u00bbtrue\u00bb][vc_tta_section i_icon_fontawesome=\u00bbfa fa-plus\u00bb add_icon=\u00bbtrue\u00bb title=\u00bbAnexos\u00bb tab_id=\u00bb1643064804469-3b45013a-a629&#8243;][vc_column_text]<\/p>\n<ul>\n<li style=\"text-align: left;\"><span class=\"outer\"><span class=\"inner\"><a href=\"https:\/\/mercadoernc.minenergia.cl\/?page_id=1072\" rel=\"noopener\">Anexo 1: Marco regulatorio<\/a><\/span><\/span><\/li>\n<li style=\"text-align: left;\"><span class=\"outer\"><span class=\"inner\"><a href=\"https:\/\/mercadoernc.minenergia.cl\/?page_id=1109\" rel=\"noopener\">Anexo 2: Aspectos de funcionamiento del mercado<\/a><\/span><\/span><\/li>\n<li style=\"text-align: left;\"><span class=\"outer\"><span class=\"inner\"><a href=\"https:\/\/mercadoernc.minenergia.cl\/?page_id=1130\" rel=\"noopener\">Anexo 3: Potencia de suficiencia<\/a><\/span><\/span><\/li>\n<li style=\"text-align: left;\"><span class=\"outer\"><span class=\"inner\"><a href=\"https:\/\/mercadoernc.minenergia.cl\/?page_id=1140\" rel=\"noopener\">Anexo 4: Generaci\u00f3n Distribuida<\/a><\/span><\/span><\/li>\n<li style=\"text-align: left;\"><span class=\"outer\"><span class=\"inner\"><a href=\"https:\/\/mercadoernc.minenergia.cl\/?page_id=1187\" rel=\"noopener\">Anexo 5: Plataformas de informaci\u00f3n<\/a><\/span><\/span><\/li>\n<li style=\"text-align: left;\"><span class=\"outer\"><span class=\"inner\"><a href=\"https:\/\/mercadoernc.minenergia.cl\/?page_id=1208\" rel=\"noopener\">Anexo 6: Glosario de t\u00e9rminos<\/a><\/span><\/span><\/li>\n<li style=\"text-align: left;\"><span class=\"outer\"><span class=\"inner\"><a href=\"https:\/\/mercadoernc.minenergia.cl\/?page_id=1217\" rel=\"noopener\">Anexo 7: Links a las principales leyes, reglamentos y normas<\/a><\/span><\/span><\/li>\n<\/ul>\n<p>[\/vc_column_text][\/vc_tta_section][\/vc_tta_accordion][\/vc_column][vc_column width=\u00bb3\/4&#8243;][vc_column_text]<\/p>\n<h1>Anexo 1.3 Normativa t\u00e9cnica<\/h1>\n<p>[\/vc_column_text][vc_tta_accordion active_section=\u00bb99&#8243; collapsible_all=\u00bbtrue\u00bb][vc_tta_section i_icon_fontawesome=\u00bbfa fa-compress\u00bb add_icon=\u00bbtrue\u00bb title=\u00bb1.3.1 Norma T\u00e9cnica de Seguridad y Calidad de Servicio (NTSCS) \u00bb tab_id=\u00bbntcocalidadservicio\u00bb][vc_column_text]La Resoluci\u00f3n Exenta N\u00b0 9 con t\u00edtulo oficial \u201cDicta Norma T\u00e9cnica con Exigencias de Seguridad y Calidad de Servicio para el SING y SIC\u201d fue promulgada en febrero de 2007. En la resoluci\u00f3n se norman las exigencias generales necesarias para el cumplimiento de los requisitos m\u00ednimos de Seguridad y Calidad de Servicio asociadas al dise\u00f1o y coordinaci\u00f3n de la operaci\u00f3n de los sistemas el\u00e9ctricos que operan interconectados, seg\u00fan lo establece la LGSE y su reglamentaci\u00f3n vigente.<\/p>\n<p>La \u00faltima modificaci\u00f3n fue publicada en septiembre de 2020 y principalmente establece requerimientos a los generadores ERNC para el control de frecuencia y voltaje de la red, adem\u00e1s de los requerimientos de env\u00edo de pron\u00f3sticos.[\/vc_column_text][\/vc_tta_section][vc_tta_section i_icon_fontawesome=\u00bbfa fa-compress\u00bb add_icon=\u00bbtrue\u00bb title=\u00bb1.3.2 Norma T\u00e9cnica de Conexi\u00f3n y Operaci\u00f3n (NTCO) de PMGD en media tensi\u00f3n\u00bb tab_id=\u00bbntcopmgd\u00bb][vc_column_text]La Resoluci\u00f3n Exenta N\u00b0 24 con t\u00edtulo oficial \u201cDicta Norma T\u00e9cnica de Conexi\u00f3n y Operaci\u00f3n de Peque\u00f1os Medios de Generaci\u00f3n Distribuidos en Instalaciones de Media Tensi\u00f3n\u201d fue promulgada en mayo de 2007 y fue reemplazada por la Resoluci\u00f3n N\u00b0 501 promulgada el 23 de septiembre de 2015 bajo el mismo t\u00edtulo.<\/p>\n<p>La resoluci\u00f3n establece los procedimientos, metodolog\u00edas y dem\u00e1s exigencias para la conexi\u00f3n y operaci\u00f3n de los PMGD en redes de MT de Empresas Distribuidoras o empresas de distribuci\u00f3n que utilicen bienes nacionales de uso p\u00fablico.<\/p>\n<p>La modificaci\u00f3n al reglamento realizada mediante la Resoluci\u00f3n N\u00b0537 cuya fecha de promulgaci\u00f3n fue el d\u00eda 11 de julio de 2016 y entre otros cambios, introdujo nuevas definiciones para instalaciones compartidas definidas como el conjunto de las instalaciones de consumo de un cliente y un PMGD que se conectan al sistema de distribuci\u00f3n a trav\u00e9s de un\u00a0 mismo empalme. La \u00faltima modificaci\u00f3n al reglamento fue realizada mediante la Resoluci\u00f3n N\u00b0437 cuya fecha de promulgaci\u00f3n fue el d\u00eda 22 de julio de 2019.[\/vc_column_text][\/vc_tta_section][vc_tta_section i_icon_fontawesome=\u00bbfa fa-compress\u00bb add_icon=\u00bbtrue\u00bb title=\u00bb1.3.3 Norma T\u00e9cnica de Conexi\u00f3n y Operaci\u00f3n (NTCO) de equipamiento de generaci\u00f3n en baja tensi\u00f3n\u00bb tab_id=\u00bbntcoequipamiento\u00bb][vc_column_text]La Resoluci\u00f3n Exenta N\u00b0 338 con t\u00edtulo oficial \u201cDicta norma t\u00e9cnica de conexi\u00f3n y operaci\u00f3n de equipamiento de generaci\u00f3n en baja tensi\u00f3n\u201d fue promulgada el 31 de mayo de 2019. Este reglamento determina los requisitos que deben cumplirse para conectar equipamiento de generaci\u00f3n a las redes de distribuci\u00f3n e inyectar los excedentes de energ\u00eda a \u00e9stas. El reglamento contempla las medidas que deben adoptarse para los efectos de proteger la seguridad de las personas y de los bienes, y la seguridad y continuidad del suministro, entre otros aspectos.<\/p>\n<p>[\/vc_column_text][\/vc_tta_section][vc_tta_section i_icon_fontawesome=\u00bbfa fa-compress\u00bb add_icon=\u00bbtrue\u00bb title=\u00bb1.3.4     Norma T\u00e9cnica de Seguridad y Calidad de Servicio para sistemas medianos\u00bb tab_id=\u00bbntsycsmedianos\u00bb][vc_column_text]La Resoluci\u00f3n Exenta N\u00b0 179 con t\u00edtulo oficial \u201cDicta Seguridad y Calidad de Servicio para sistemas medianos\u201d fue promulgada el 8 de marzo de 2018. Este reglamento determina los requerimientos m\u00ednimos relacionados a los valores l\u00edmites que pueden alcanzar las principales variables el\u00e9ctricas que se observan en el SM, para cada uno de los estados en que \u00e9ste se encuentre operando en un instante determinado.[\/vc_column_text][\/vc_tta_section][vc_tta_section i_icon_fontawesome=\u00bbfa fa-compress\u00bb add_icon=\u00bbtrue\u00bb title=\u00bb1.3.3 Norma T\u00e9cnica de Calidad de Servicio para Sistemas de Distribuci\u00f3n\u00bb tab_id=\u00bbntcsdistribucion\u00bb][vc_column_text]La Resoluci\u00f3n Exenta N\u00b0 763 con t\u00edtulo oficial \u201cDicta Norma T\u00e9cnica de Calidad de Servicio para Sistemas de Distribuci\u00f3n\u201d fue promulgada el 10 de diciembre de 2019. Este reglamento determina los requisitos que deber\u00e1n cumplir los concesionarios de servicio p\u00fablico de distribuci\u00f3n de electricidad y las empresas que sean propietarias, arrendatarias, usufructuarias o que operen, a cualquier t\u00edtulo, instalaciones de distribuci\u00f3n de energ\u00eda el\u00e9ctrica, respecto de: la calidad de producto, calidad de suministro y calidad comercial.[\/vc_column_text][\/vc_tta_section][vc_tta_section i_icon_fontawesome=\u00bbfa fa-compress\u00bb add_icon=\u00bbtrue\u00bb title=\u00bb1.3.3 Norma T\u00e9cnica de Servicios Complementarios\u00bb tab_id=\u00bbntservicios\u00bb][vc_column_text]La Resoluci\u00f3n Exenta N\u00b0 786 con t\u00edtulo oficial \u201cDicta Norma T\u00e9cnica de Servicios Complementarios\u201d fue promulgada el 18 de diciembre de 2019. Este reglamento determina las exigencias, procedimientos, metodolog\u00edas y condiciones de aplicaci\u00f3n con las que se regir\u00e1 la prestaci\u00f3n de Servicios Complementarios, la determinaci\u00f3n de los requerimientos de los mismos, y sus procesos de verificaci\u00f3n de instalaciones, y de evaluaci\u00f3n de disponibilidad y desempe\u00f1o, de conformidad a lo establecido en el Reglamento de SSCC y la Ley.[\/vc_column_text][\/vc_tta_section][\/vc_tta_accordion][vc_row_inner][vc_column_inner width=\u00bb1\/2&#8243;][vc_btn title=\u00bbAnterior\u00bb color=\u00bbgreen\u00bb align=\u00bbleft\u00bb i_icon_fontawesome=\u00bbfa fa-chevron-left\u00bb add_icon=\u00bbtrue\u00bb link=\u00bburl:https%3A%2F%2Fmercadoernc.minenergia.cl%2F%3Fpage_id%3D1093|||\u00bb][\/vc_column_inner][vc_column_inner width=\u00bb1\/2&#8243;][vc_btn title=\u00bbSiguiente\u00bb color=\u00bbgreen\u00bb align=\u00bbright\u00bb i_icon_fontawesome=\u00bbfa fa-chevron-right\u00bb add_icon=\u00bbtrue\u00bb link=\u00bburl:https%3A%2F%2Fmercadoernc.minenergia.cl%2F%3Fpage_id%3D1109|||\u00bb][\/vc_column_inner][\/vc_row_inner][\/vc_column][\/vc_row]<\/p>\n","protected":false},"excerpt":{"rendered":"<p>[vc_row][vc_column width=\u00bb1\/4&#8243;][vc_tta_accordion active_section=\u00bb1&#8243; collapsible_all=\u00bbtrue\u00bb][vc_tta_section i_icon_fontawesome=\u00bbfa fa-plus\u00bb add_icon=\u00bbtrue\u00bb title=\u00bbAnexos\u00bb tab_id=\u00bb1643064804469-3b45013a-a629&#8243;][vc_column_text] Anexo 1: Marco regulatorio Anexo 2: Aspectos de funcionamiento del mercado Anexo 3: Potencia de suficiencia Anexo 4: Generaci\u00f3n Distribuida Anexo 5: Plataformas de informaci\u00f3n Anexo 6: Glosario de t\u00e9rminos Anexo 7: Links a las principales leyes, reglamentos y normas [\/vc_column_text][\/vc_tta_section][\/vc_tta_accordion][\/vc_column][vc_column width=\u00bb3\/4&#8243;][vc_column_text] Anexo 1.3 Normativa t\u00e9cnica [&hellip;]<\/p>\n","protected":false},"author":3,"featured_media":0,"parent":1072,"menu_order":0,"comment_status":"closed","ping_status":"closed","template":"","meta":{"_acf_changed":false,"footnotes":""},"class_list":["post-1098","page","type-page","status-publish","hentry"],"acf":[],"_links":{"self":[{"href":"https:\/\/mercadoernc.minenergia.cl\/index.php?rest_route=\/wp\/v2\/pages\/1098","targetHints":{"allow":["GET"]}}],"collection":[{"href":"https:\/\/mercadoernc.minenergia.cl\/index.php?rest_route=\/wp\/v2\/pages"}],"about":[{"href":"https:\/\/mercadoernc.minenergia.cl\/index.php?rest_route=\/wp\/v2\/types\/page"}],"author":[{"embeddable":true,"href":"https:\/\/mercadoernc.minenergia.cl\/index.php?rest_route=\/wp\/v2\/users\/3"}],"replies":[{"embeddable":true,"href":"https:\/\/mercadoernc.minenergia.cl\/index.php?rest_route=%2Fwp%2Fv2%2Fcomments&post=1098"}],"version-history":[{"count":5,"href":"https:\/\/mercadoernc.minenergia.cl\/index.php?rest_route=\/wp\/v2\/pages\/1098\/revisions"}],"predecessor-version":[{"id":4393,"href":"https:\/\/mercadoernc.minenergia.cl\/index.php?rest_route=\/wp\/v2\/pages\/1098\/revisions\/4393"}],"up":[{"embeddable":true,"href":"https:\/\/mercadoernc.minenergia.cl\/index.php?rest_route=\/wp\/v2\/pages\/1072"}],"wp:attachment":[{"href":"https:\/\/mercadoernc.minenergia.cl\/index.php?rest_route=%2Fwp%2Fv2%2Fmedia&parent=1098"}],"curies":[{"name":"wp","href":"https:\/\/api.w.org\/{rel}","templated":true}]}}